{"id":11605,"date":"2023-10-08T20:30:27","date_gmt":"2023-10-08T18:30:27","guid":{"rendered":"https:\/\/eglantinereigniez.com\/?post_type=product&#038;p=11605"},"modified":"2024-04-19T16:36:51","modified_gmt":"2024-04-19T14:36:51","slug":"sac-chamallow-gris","status":"publish","type":"product","link":"https:\/\/eglantinereigniez.com\/index.php\/produit\/sac-chamallow-gris\/","title":{"rendered":"Sac CHAMALLOW gris"},"content":{"rendered":"<p>Inspir\u00e9 des sacs japonais traditionnels, chaque mini fourre-tout est unique, car enti\u00e8rement cousu main \u00e0 Hossegor, en tissu froiss\u00e9 gris noir.<\/p>\n<p>100%\u00a0<span class=\"dictionary\" data-description=\"Le polyester est une fibre synth\u00e9tique largement utilis\u00e9 pour la confection de v\u00eatement. Cette mati\u00e8re tr\u00e8s facile d'entretien, se froisse peu et est ind\u00e9formable.\">Polyester<\/span><\/p>\n<p><img loading=\"lazy\" decoding=\"async\" class=\"alignnone size-full wp-image-12148\" src=\"https:\/\/eglantinereigniez.com\/wp-content\/uploads\/2023\/10\/sac-chamallow-grsi-2.jpg\" alt=\"\" width=\"1000\" height=\"1333\" \/><\/p>\n","protected":false},"excerpt":{"rendered":"<p>Inspir\u00e9 des sacs japonais traditionnels, chaque mini fourre-tout est unique, car enti\u00e8rement cousu main \u00e0 Hossegor, en tissu froiss\u00e9 gris noir. 100%\u00a0Polyester<\/p>\n","protected":false},"featured_media":12146,"template":"","meta":[],"product_brand":[],"product_cat":[25,75],"product_tag":[],"class_list":{"0":"post-11605","1":"product","2":"type-product","3":"status-publish","4":"has-post-thumbnail","6":"product_cat-accessoires","7":"product_cat-sacs","9":"first","10":"instock","11":"shipping-taxable","12":"purchasable","13":"product-type-simple"},"_links":{"self":[{"href":"https:\/\/eglantinereigniez.com\/index.php\/wp-json\/wp\/v2\/product\/11605","targetHints":{"allow":["GET"]}}],"collection":[{"href":"https:\/\/eglantinereigniez.com\/index.php\/wp-json\/wp\/v2\/product"}],"about":[{"href":"https:\/\/eglantinereigniez.com\/index.php\/wp-json\/wp\/v2\/types\/product"}],"wp:featuredmedia":[{"embeddable":true,"href":"https:\/\/eglantinereigniez.com\/index.php\/wp-json\/wp\/v2\/media\/12146"}],"wp:attachment":[{"href":"https:\/\/eglantinereigniez.com\/index.php\/wp-json\/wp\/v2\/media?parent=11605"}],"wp:term":[{"taxonomy":"product_brand","embeddable":true,"href":"https:\/\/eglantinereigniez.com\/index.php\/wp-json\/wp\/v2\/product_brand?post=11605"},{"taxonomy":"product_cat","embeddable":true,"href":"https:\/\/eglantinereigniez.com\/index.php\/wp-json\/wp\/v2\/product_cat?post=11605"},{"taxonomy":"product_tag","embeddable":true,"href":"https:\/\/eglantinereigniez.com\/index.php\/wp-json\/wp\/v2\/product_tag?post=11605"}],"curies":[{"name":"wp","href":"https:\/\/api.w.org\/{rel}","templated":true}]}}