{"id":3040,"date":"2021-03-12T18:23:31","date_gmt":"2021-03-12T17:23:31","guid":{"rendered":"https:\/\/eglantinereigniez.com\/?post_type=product&#038;p=3040"},"modified":"2024-04-19T16:38:23","modified_gmt":"2024-04-19T14:38:23","slug":"sac-chamallow-ivoire","status":"publish","type":"product","link":"https:\/\/eglantinereigniez.com\/index.php\/produit\/sac-chamallow-ivoire\/","title":{"rendered":"Sac CHAMALLOW Ivoire"},"content":{"rendered":"<p>Inspir\u00e9 des sacs japonais traditionnels, chaque mini fourre-tout est unique, car enti\u00e8rement cousu main \u00e0 Hossegor, en satin doubl\u00e9.<\/p>\n<p>100% polyester<\/p>\n<p><img loading=\"lazy\" decoding=\"async\" class=\"alignnone size-full wp-image-3956\" src=\"https:\/\/eglantinereigniez.com\/wp-content\/uploads\/2021\/03\/CampagneJapandiRubanCollectif2021-111.jpg\" alt=\"\" width=\"1024\" height=\"1388\" \/><img loading=\"lazy\" decoding=\"async\" class=\"alignnone size-full wp-image-3957\" src=\"https:\/\/eglantinereigniez.com\/wp-content\/uploads\/2021\/03\/CampagneJapandiRubanCollectif2021-99.jpg\" alt=\"\" width=\"1024\" height=\"1536\" \/><\/p>\n<p>&nbsp;<\/p>\n","protected":false},"excerpt":{"rendered":"<p>Inspir\u00e9 des sacs japonais traditionnels, chaque mini fourre-tout est unique, car enti\u00e8rement cousu main \u00e0 Hossegor, en satin doubl\u00e9. 100% polyester &nbsp;<\/p>\n","protected":false},"featured_media":3050,"template":"","meta":[],"product_brand":[],"product_cat":[25,28,75],"product_tag":[],"class_list":{"0":"post-3040","1":"product","2":"type-product","3":"status-publish","4":"has-post-thumbnail","6":"product_cat-accessoires","7":"product_cat-accessoire-cheveux-mariage","8":"product_cat-sacs","9":"product_shipping_class-sacs","11":"first","12":"instock","13":"shipping-taxable","14":"purchasable","15":"product-type-simple"},"_links":{"self":[{"href":"https:\/\/eglantinereigniez.com\/index.php\/wp-json\/wp\/v2\/product\/3040","targetHints":{"allow":["GET"]}}],"collection":[{"href":"https:\/\/eglantinereigniez.com\/index.php\/wp-json\/wp\/v2\/product"}],"about":[{"href":"https:\/\/eglantinereigniez.com\/index.php\/wp-json\/wp\/v2\/types\/product"}],"wp:featuredmedia":[{"embeddable":true,"href":"https:\/\/eglantinereigniez.com\/index.php\/wp-json\/wp\/v2\/media\/3050"}],"wp:attachment":[{"href":"https:\/\/eglantinereigniez.com\/index.php\/wp-json\/wp\/v2\/media?parent=3040"}],"wp:term":[{"taxonomy":"product_brand","embeddable":true,"href":"https:\/\/eglantinereigniez.com\/index.php\/wp-json\/wp\/v2\/product_brand?post=3040"},{"taxonomy":"product_cat","embeddable":true,"href":"https:\/\/eglantinereigniez.com\/index.php\/wp-json\/wp\/v2\/product_cat?post=3040"},{"taxonomy":"product_tag","embeddable":true,"href":"https:\/\/eglantinereigniez.com\/index.php\/wp-json\/wp\/v2\/product_tag?post=3040"}],"curies":[{"name":"wp","href":"https:\/\/api.w.org\/{rel}","templated":true}]}}