{"id":5881,"date":"2021-11-30T13:36:07","date_gmt":"2021-11-30T12:36:07","guid":{"rendered":"https:\/\/eglantinereigniez.com\/?post_type=product&#038;p=5881"},"modified":"2023-12-27T18:12:05","modified_gmt":"2023-12-27T17:12:05","slug":"serre-tete-loulou-collection-eco-responsable","status":"publish","type":"product","link":"https:\/\/eglantinereigniez.com\/index.php\/produit\/serre-tete-loulou-collection-eco-responsable\/","title":{"rendered":"Serre t\u00eate LOULOU &#8211; collection Tissus Sauv\u00e9s"},"content":{"rendered":"<p>Enti\u00e8rement cousu main \u00e0 mon studio d&rsquo;Hossegor, ce serre t\u00eate est confectionn\u00e9 dans une d\u00e9marche \u00e9co-responsable avec des tissus sourc\u00e9s au pr\u00e8s d&rsquo;un bureau de sourcing raisonn\u00e9 fran\u00e7ais qui sauve les tissus et soutient ceux qui savent leur donner une seconde vie.<\/p>\n<div>Le but est de limiter la surproduction et le gaspillage dans l\u2019industrie de la mode.<\/div>\n<div class=\"page\" title=\"Page 1\">\n<div class=\"section\">\n<div class=\"layoutArea\">\n<div class=\"column\">\n<p>52% Viscose, 29% Lurex, 19% Soie<\/p>\n<p><img loading=\"lazy\" decoding=\"async\" class=\"alignnone size-full wp-image-5886\" src=\"https:\/\/eglantinereigniez.com\/wp-content\/uploads\/2021\/11\/dreamharjaguarshoes-41.jpg\" alt=\"\" width=\"1024\" height=\"1536\" \/><\/p>\n<p>&nbsp;<\/p>\n<\/div>\n<\/div>\n<\/div>\n<\/div>\n","protected":false},"excerpt":{"rendered":"<p>Enti\u00e8rement cousu main \u00e0 mon studio d&rsquo;Hossegor, ce serre t\u00eate est confectionn\u00e9 dans une d\u00e9marche \u00e9co-responsable avec des tissus sourc\u00e9s au pr\u00e8s d&rsquo;un bureau de sourcing raisonn\u00e9 fran\u00e7ais qui sauve les tissus et soutient ceux qui savent leur donner une seconde vie. Le but est de limiter la surproduction et le gaspillage dans l\u2019industrie de [&hellip;]<\/p>\n","protected":false},"featured_media":12655,"template":"","meta":[],"product_brand":[],"product_cat":[22,91,90,33],"product_tag":[],"class_list":{"0":"post-5881","1":"product","2":"type-product","3":"status-publish","4":"has-post-thumbnail","6":"product_cat-accessoires-cheveux","7":"product_cat-collection-upcycling","8":"product_cat-accessoires-occasion-speciale","9":"product_cat-serre-tete","11":"first","12":"instock","13":"shipping-taxable","14":"purchasable","15":"product-type-simple"},"_links":{"self":[{"href":"https:\/\/eglantinereigniez.com\/index.php\/wp-json\/wp\/v2\/product\/5881","targetHints":{"allow":["GET"]}}],"collection":[{"href":"https:\/\/eglantinereigniez.com\/index.php\/wp-json\/wp\/v2\/product"}],"about":[{"href":"https:\/\/eglantinereigniez.com\/index.php\/wp-json\/wp\/v2\/types\/product"}],"wp:featuredmedia":[{"embeddable":true,"href":"https:\/\/eglantinereigniez.com\/index.php\/wp-json\/wp\/v2\/media\/12655"}],"wp:attachment":[{"href":"https:\/\/eglantinereigniez.com\/index.php\/wp-json\/wp\/v2\/media?parent=5881"}],"wp:term":[{"taxonomy":"product_brand","embeddable":true,"href":"https:\/\/eglantinereigniez.com\/index.php\/wp-json\/wp\/v2\/product_brand?post=5881"},{"taxonomy":"product_cat","embeddable":true,"href":"https:\/\/eglantinereigniez.com\/index.php\/wp-json\/wp\/v2\/product_cat?post=5881"},{"taxonomy":"product_tag","embeddable":true,"href":"https:\/\/eglantinereigniez.com\/index.php\/wp-json\/wp\/v2\/product_tag?post=5881"}],"curies":[{"name":"wp","href":"https:\/\/api.w.org\/{rel}","templated":true}]}}