{"id":6993,"date":"2022-03-10T17:39:52","date_gmt":"2022-03-10T16:39:52","guid":{"rendered":"https:\/\/eglantinereigniez.com\/?post_type=product&#038;p=6993"},"modified":"2023-04-15T20:29:49","modified_gmt":"2023-04-15T18:29:49","slug":"chouchou-oops-bicolore-violet-zebre","status":"publish","type":"product","link":"https:\/\/eglantinereigniez.com\/index.php\/produit\/chouchou-oops-bicolore-violet-zebre\/","title":{"rendered":"Chouchou OOPS bicolore violet \/ z\u00e8bre"},"content":{"rendered":"<p>Mini chouchou cousu main en tissu pliss\u00e9 motif z\u00e8bre et violet.<\/p>\n<p>97% polyester 3% Elasthanne<\/p>\n<p>&nbsp;<\/p>\n","protected":false},"excerpt":{"rendered":"<p>Mini chouchou cousu main en tissu pliss\u00e9 motif z\u00e8bre et violet. 97% polyester 3% Elasthanne &nbsp;<\/p>\n","protected":false},"featured_media":6999,"template":"","meta":[],"product_brand":[],"product_cat":[48],"product_tag":[],"class_list":{"0":"post-6993","1":"product","2":"type-product","3":"status-publish","4":"has-post-thumbnail","6":"product_cat-les-archives-de-dream-hair-jaguar-shoes","8":"first","9":"instock","10":"sale","11":"shipping-taxable","12":"purchasable","13":"product-type-simple"},"_links":{"self":[{"href":"https:\/\/eglantinereigniez.com\/index.php\/wp-json\/wp\/v2\/product\/6993","targetHints":{"allow":["GET"]}}],"collection":[{"href":"https:\/\/eglantinereigniez.com\/index.php\/wp-json\/wp\/v2\/product"}],"about":[{"href":"https:\/\/eglantinereigniez.com\/index.php\/wp-json\/wp\/v2\/types\/product"}],"wp:featuredmedia":[{"embeddable":true,"href":"https:\/\/eglantinereigniez.com\/index.php\/wp-json\/wp\/v2\/media\/6999"}],"wp:attachment":[{"href":"https:\/\/eglantinereigniez.com\/index.php\/wp-json\/wp\/v2\/media?parent=6993"}],"wp:term":[{"taxonomy":"product_brand","embeddable":true,"href":"https:\/\/eglantinereigniez.com\/index.php\/wp-json\/wp\/v2\/product_brand?post=6993"},{"taxonomy":"product_cat","embeddable":true,"href":"https:\/\/eglantinereigniez.com\/index.php\/wp-json\/wp\/v2\/product_cat?post=6993"},{"taxonomy":"product_tag","embeddable":true,"href":"https:\/\/eglantinereigniez.com\/index.php\/wp-json\/wp\/v2\/product_tag?post=6993"}],"curies":[{"name":"wp","href":"https:\/\/api.w.org\/{rel}","templated":true}]}}