{"id":9289,"date":"2022-10-31T22:28:31","date_gmt":"2022-10-31T21:28:31","guid":{"rendered":"https:\/\/eglantinereigniez.com\/?post_type=product&#038;p=9289"},"modified":"2024-04-19T16:34:26","modified_gmt":"2024-04-19T14:34:26","slug":"wrist-wrap-give-some-lovin-bracelet-a-nouer","status":"publish","type":"product","link":"https:\/\/eglantinereigniez.com\/index.php\/produit\/wrist-wrap-give-some-lovin-bracelet-a-nouer\/","title":{"rendered":"Wrist Wrap GIVE SOME LOVIN &#8211; Bracelet \u00e0 nouer orange fluo"},"content":{"rendered":"<p>Bracelet en fil polyester cir\u00e9 avec mini coeur en H\u00e9matite dor\u00e9 \u00e0 l&rsquo;or fin.<\/p>\n<p>A nouer autour du poignet, avec un triple noeud pour \u00eatre, tour \u00e0 tour, votre gage de Love, votre d\u00e9claration d&rsquo;amour, mais aussi votre passeport bien \u00eatre int\u00e9rieur.<\/p>\n<p><img loading=\"lazy\" decoding=\"async\" class=\"alignnone size-full wp-image-9317\" src=\"https:\/\/eglantinereigniez.com\/wp-content\/uploads\/2022\/10\/IMG_5963.jpg\" alt=\"\" width=\"828\" height=\"1472\" \/><\/p>\n<p><img loading=\"lazy\" decoding=\"async\" class=\"alignnone size-full wp-image-9341\" src=\"https:\/\/eglantinereigniez.com\/wp-content\/uploads\/2022\/10\/26C40491-CC80-42E8-B447-099EAA7A0D2B.jpg\" alt=\"\" width=\"1440\" height=\"1800\" \/><\/p>\n","protected":false},"excerpt":{"rendered":"<p>Bracelet en fil polyester cir\u00e9 avec mini coeur en H\u00e9matite dor\u00e9 \u00e0 l&rsquo;or fin. A nouer autour du poignet, avec un triple noeud pour \u00eatre, tour \u00e0 tour, votre gage de Love, votre d\u00e9claration d&rsquo;amour, mais aussi votre passeport bien \u00eatre int\u00e9rieur.<\/p>\n","protected":false},"featured_media":11254,"template":"","meta":[],"product_brand":[],"product_cat":[25,37],"product_tag":[],"class_list":{"0":"post-9289","1":"product","2":"type-product","3":"status-publish","4":"has-post-thumbnail","6":"product_cat-accessoires","7":"product_cat-bracelet","9":"first","10":"instock","11":"shipping-taxable","12":"purchasable","13":"product-type-simple"},"_links":{"self":[{"href":"https:\/\/eglantinereigniez.com\/index.php\/wp-json\/wp\/v2\/product\/9289","targetHints":{"allow":["GET"]}}],"collection":[{"href":"https:\/\/eglantinereigniez.com\/index.php\/wp-json\/wp\/v2\/product"}],"about":[{"href":"https:\/\/eglantinereigniez.com\/index.php\/wp-json\/wp\/v2\/types\/product"}],"wp:featuredmedia":[{"embeddable":true,"href":"https:\/\/eglantinereigniez.com\/index.php\/wp-json\/wp\/v2\/media\/11254"}],"wp:attachment":[{"href":"https:\/\/eglantinereigniez.com\/index.php\/wp-json\/wp\/v2\/media?parent=9289"}],"wp:term":[{"taxonomy":"product_brand","embeddable":true,"href":"https:\/\/eglantinereigniez.com\/index.php\/wp-json\/wp\/v2\/product_brand?post=9289"},{"taxonomy":"product_cat","embeddable":true,"href":"https:\/\/eglantinereigniez.com\/index.php\/wp-json\/wp\/v2\/product_cat?post=9289"},{"taxonomy":"product_tag","embeddable":true,"href":"https:\/\/eglantinereigniez.com\/index.php\/wp-json\/wp\/v2\/product_tag?post=9289"}],"curies":[{"name":"wp","href":"https:\/\/api.w.org\/{rel}","templated":true}]}}